{"id":7164,"date":"2025-01-14T14:18:25","date_gmt":"2025-01-14T13:18:25","guid":{"rendered":"https:\/\/www.ergofast.se\/produkter\/?page_id=7164"},"modified":"2026-03-19T11:16:45","modified_gmt":"2026-03-19T10:16:45","slug":"ergofast-outlet","status":"publish","type":"page","link":"https:\/\/www.ergofast.se\/produkter\/verktyg\/ergofast-outlet\/","title":{"rendered":"Ergofast Outlet"},"content":{"rendered":"<div class=\"wpb-content-wrapper\"><p>[vc_row full_width=&#8221;stretch_row_content&#8221; css=&#8221;.vc_custom_1740494320690{background-color: #F7F4F2 !important;}&#8221;][vc_column width=&#8221;1\/6&#8243;][vc_empty_space][\/vc_column][vc_column width=&#8221;2\/3&#8243; css=&#8221;.vc_custom_1740494642738{padding-right: 20px !important;padding-left: 20px !important;background-color: #FFFFFF !important;}&#8221;][vc_empty_space][vc_column_text css=&#8221;.vc_custom_1741086886854{padding-right: 20px !important;padding-left: 20px !important;}&#8221;]<\/p>\n<h1 style=\"text-align: center;\">Ergofast Outlet<\/h1>\n<div style=\"text-align: center;\"><\/div>\n<div>\n<p style=\"text-align: center;\">H\u00e4r finns m\u00f6jligheten att hitta handverktyg, f\u00f6rbrukningsmaterial eller tillbeh\u00f6r till rabatterade priser. Kontakta oss p\u00e5 <a href=\"mailto:order@ergofast.se\">order@ergofast.se<\/a> eller p\u00e5 telefon +46 (0)303 20 80 50 och g\u00f6r det s\u00e5 snabbt som m\u00f6jligt, det \u00e4r f\u00f6rst till kvarn som g\u00e4ller.<\/p>\n<\/div>\n<p>[\/vc_column_text][vc_empty_space][vc_row_inner][vc_column_inner][vc_column_text css=&#8221;&#8221;]<\/p>\n<h1 style=\"text-align: center;\">Handverktyg och maskiner<\/h1>\n<p>[\/vc_column_text][\/vc_column_inner][\/vc_row_inner][vc_row_inner][vc_column_inner][vc_separator css=&#8221;&#8221;][\/vc_column_inner][\/vc_row_inner][vc_row_inner][vc_column_inner width=&#8221;1\/2&#8243;][vc_single_image image=&#8221;7550&#8243; img_size=&#8221;medium&#8221; alignment=&#8221;center&#8221; css=&#8221;&#8221;][\/vc_column_inner][vc_column_inner width=&#8221;1\/2&#8243;][vc_column_text css=&#8221;&#8221;]<\/p>\n<h2>Isolerspikpistol Ergofast EF160HDLi<\/h2>\n<p>Artikelnummer: 13201601090010<br \/>\nSkick: NY<br \/>\n<strong>Outletpris: 2 768 kr<\/strong> ex moms och frakt<\/p>\n<p>Specialpistol som skjuter fast isolerh\u00e5llare i isolering upp till 160 mm mot betong mfl. material.<\/p>\n<ul>\n<li>Betong<\/li>\n<li>St\u00e5l<\/li>\n<li>Betongh\u00e5lsten<\/li>\n<li>Tegel<\/li>\n<li>Kalksandsten<\/li>\n<li>Tr\u00e4<\/li>\n<li>L\u00e4ttbetong<\/li>\n<li>Leca<\/li>\n<\/ul>\n<p>Kontakta <strong><a href=\"mailto:order@ergofast.se\">order@ergofast.se<\/a><\/strong> f\u00f6r best\u00e4llning av din EF160HDLI.[\/vc_column_text][\/vc_column_inner][\/vc_row_inner][vc_separator css=&#8221;&#8221;][vc_separator border_width=&#8221;5&#8243; css=&#8221;&#8221;][\/vc_column][vc_column width=&#8221;1\/6&#8243;][vc_empty_space][\/vc_column][\/vc_row][vc_row full_width=&#8221;stretch_row_content&#8221; css=&#8221;.vc_custom_1740494341680{background-color: #F7F4F2 !important;}&#8221;][vc_column width=&#8221;1\/6&#8243;][vc_empty_space][\/vc_column][vc_column width=&#8221;2\/3&#8243; css=&#8221;.vc_custom_1740494655461{padding-right: 20px !important;padding-left: 20px !important;background-color: #FFFFFF !important;}&#8221;][vc_column_text css=&#8221;&#8221;]<\/p>\n<h1 style=\"text-align: center;\">F\u00f6rbrukningsmateriel<\/h1>\n<p>[\/vc_column_text][vc_row_inner][vc_column_inner width=&#8221;1\/2&#8243;][vc_single_image image=&#8221;7234&#8243; img_size=&#8221;medium&#8221; alignment=&#8221;center&#8221; css=&#8221;&#8221;][\/vc_column_inner][vc_column_inner width=&#8221;1\/2&#8243;][vc_column_text css=&#8221;&#8221;]<\/p>\n<h2>Spik rakbandad till HS130 VFZ<\/h2>\n<p>Artikelnummer: 17120381004052<br \/>\nSkick: NY<br \/>\n<strong>Outletpris: 365 kr<\/strong> ex moms och frakt<\/p>\n<p>Rakbandad (plast) 21\u00b0\u00a0SL\u00c4T 100 mm\u00a0varmf\u00f6rzinkad tr\u00e5dspik till HS130 2000 st \/ ask<\/p>\n<p>Kontakta <strong><a href=\"mailto:order@ergofast.se\">order@ergofast.se<\/a><\/strong> f\u00f6r best\u00e4llning.[\/vc_column_text][\/vc_column_inner][\/vc_row_inner][vc_separator css=&#8221;&#8221;][vc_separator css=&#8221;&#8221;][vc_row_inner][vc_column_inner width=&#8221;1\/2&#8243;][\/vc_column_inner][vc_column_inner width=&#8221;1\/2&#8243;][vc_column_text css=&#8221;&#8221;]<\/p>\n<h2>Bandad Sp\u00e5n &amp; Plyfaskruv Tr\u00e4 4,2 x 51 mm<\/h2>\n<p>Artikelnummer: 19150420512052<br \/>\nSkick: NY<br \/>\n<strong>Outletpris: 70 kr<\/strong> ex moms och frakt<\/p>\n<p>Bandad Sp\u00e5n &amp; Plyfaskruv Tr\u00e4 4,2 x 51 mm 1000 st \/ ask<\/p>\n<p>Kontakta <strong><a href=\"mailto:order@ergofast.se\">order@ergofast.se<\/a><\/strong> f\u00f6r best\u00e4llning.[\/vc_column_text][\/vc_column_inner][\/vc_row_inner][vc_separator css=&#8221;&#8221;][vc_row_inner][vc_column_inner width=&#8221;1\/2&#8243;][vc_single_image image=&#8221;7551&#8243; img_size=&#8221;medium&#8221; alignment=&#8221;center&#8221; css=&#8221;&#8221;][\/vc_column_inner][vc_column_inner width=&#8221;1\/2&#8243;][vc_column_text css=&#8221;&#8221;]<\/p>\n<h2>TTMU Skruv 10 x 160 mm<\/h2>\n<p>Artikelnummer: 20710101603050<br \/>\nSkick: NY<br \/>\n<strong>Outletpris: 275 kr<\/strong> ex moms och frakt<\/p>\n<p>Utomhuslegerad tr\u00e4skruv med kraftigt brickhuvud 160&#215;10 mm 500 st \/ ask<\/p>\n<p>Kontakta <strong><a href=\"mailto:order@ergofast.se\">order@ergofast.se<\/a><\/strong> f\u00f6r best\u00e4llning.[\/vc_column_text][\/vc_column_inner][\/vc_row_inner][vc_separator css=&#8221;&#8221;][vc_row_inner][vc_column_inner width=&#8221;1\/2&#8243;][vc_single_image image=&#8221;5052&#8243; img_size=&#8221;medium&#8221; alignment=&#8221;center&#8221; css=&#8221;&#8221;][\/vc_column_inner][vc_column_inner width=&#8221;1\/2&#8243;][vc_column_text css=&#8221;&#8221;]<\/p>\n<h2>SNK EVO<\/h2>\n<p>Artikelnummer: Tabell<br \/>\nSkick: NY<br \/>\n<strong>Outletpris: Tabell<\/strong><\/p>\n<p>H\u00f6gpresterande tr\u00e4skruv f\u00f6r utomhusbruk<\/p>\n<table style=\"height: 565px;\" width=\"433\">\n<tbody>\n<tr>\n<td width=\"121\">\n<h6>Art.nr<\/h6>\n<\/td>\n<td width=\"193\">\n<h6>Ben\u00e4mning<\/h6>\n<\/td>\n<td width=\"50\">\n<h6>Antal\/fp<\/h6>\n<\/td>\n<td width=\"59\">\n<h6>Pris<\/h6>\n<\/td>\n<\/tr>\n<tr>\n<td>\n<h6>4000462<\/h6>\n<\/td>\n<td>\n<h6>TR\u00c4SKRUV SNK EVO 5X50<\/h6>\n<\/td>\n<td>\n<h6>200<\/h6>\n<\/td>\n<td>\n<h6>59<\/h6>\n<\/td>\n<\/tr>\n<tr>\n<td>\n<h6>4000463<\/h6>\n<\/td>\n<td>\n<h6>TR\u00c4SKRUV SNK EVO 5X60<\/h6>\n<\/td>\n<td>\n<h6>200<\/h6>\n<\/td>\n<td>\n<h6>64<\/h6>\n<\/td>\n<\/tr>\n<tr>\n<td>\n<h6>4000464<\/h6>\n<\/td>\n<td>\n<h6>TR\u00c4SKRUV SNK EVO 5X70<\/h6>\n<\/td>\n<td>\n<h6>100<\/h6>\n<\/td>\n<td>\n<h6>63<\/h6>\n<\/td>\n<\/tr>\n<tr>\n<td>\n<h6>4000465<\/h6>\n<\/td>\n<td>\n<h6>TR\u00c4SKRUV SNK EVO 5X120<\/h6>\n<\/td>\n<td>\n<h6>100<\/h6>\n<\/td>\n<td>\n<h6>83<\/h6>\n<\/td>\n<\/tr>\n<tr>\n<td>\n<h6>4000466<\/h6>\n<\/td>\n<td>\n<h6>TR\u00c4SKRUV SNK EVO 6X50<\/h6>\n<\/td>\n<td>\n<h6>100<\/h6>\n<\/td>\n<td>\n<h6>44<\/h6>\n<\/td>\n<\/tr>\n<tr>\n<td>\n<h6>4000467<\/h6>\n<\/td>\n<td>\n<h6>TR\u00c4SKRUV SNK EVO 6X60<\/h6>\n<\/td>\n<td>\n<h6>100<\/h6>\n<\/td>\n<td>\n<h6>48<\/h6>\n<\/td>\n<\/tr>\n<tr>\n<td>\n<h6>4000468<\/h6>\n<\/td>\n<td>\n<h6>TR\u00c4SKRUV SNK EVO 6X70<\/h6>\n<\/td>\n<td>\n<h6>100<\/h6>\n<\/td>\n<td>\n<h6>54<\/h6>\n<\/td>\n<\/tr>\n<\/tbody>\n<\/table>\n<p>&nbsp;<\/p>\n<p>Kontakta <strong><a href=\"mailto:order@ergofast.se\">order@ergofast.se<\/a><\/strong> f\u00f6r best\u00e4llning.[\/vc_column_text][\/vc_column_inner][vc_column_inner][\/vc_column_inner][vc_column_inner][\/vc_column_inner][vc_column_inner][\/vc_column_inner][\/vc_row_inner][\/vc_column][vc_column width=&#8221;1\/6&#8243;][vc_empty_space][\/vc_column][\/vc_row]<\/p><\/div>","protected":false},"excerpt":{"rendered":"<p>[vc_row full_width=&#8221;stretch_row_content&#8221; css=&#8221;.vc_custom_1740494320690{background-color: #F7F4F2 !important;}&#8221;][vc_column width=&#8221;1\/6&#8243;][vc_empty_space][\/vc_column][vc_column width=&#8221;2\/3&#8243; css=&#8221;.vc_custom_1740494642738{padding-right: 20px !important;padding-left: 20px !important;background-color: #FFFFFF !important;}&#8221;][vc_empty_space][vc_column_text css=&#8221;.vc_custom_1741086886854{padding-right: 20px !important;padding-left: 20px !important;}&#8221;] Ergofast Outlet H\u00e4r finns m\u00f6jligheten att hitta handverktyg, f\u00f6rbrukningsmaterial eller tillbeh\u00f6r till rabatterade priser. Kontakta oss p\u00e5 order@ergofast.se eller p\u00e5 telefon +46 (0)303 20 80 50 och g\u00f6r det s\u00e5 snabbt som m\u00f6jligt, det \u00e4r f\u00f6rst <a class=\"read-more\" href=\"https:\/\/www.ergofast.se\/produkter\/verktyg\/ergofast-outlet\/\">&hellip;<\/a><\/p>","protected":false},"author":1,"featured_media":6514,"parent":1821,"menu_order":0,"comment_status":"closed","ping_status":"closed","template":"","meta":{"_acf_changed":false,"footnotes":""},"class_list":["post-7164","page","type-page","status-publish","has-post-thumbnail","hentry"],"acf":[],"yoast_head":"<!-- This site is optimized with the Yoast SEO plugin v26.4 - https:\/\/yoast.com\/wordpress\/plugins\/seo\/ -->\n<title>Utf\u00f6rs\u00e4ljning av nya handverktyg och f\u00f6rbrukningsmaterial<\/title>\n<meta name=\"description\" content=\"Utf\u00f6rs\u00e4ljning av nya handverktyg, f\u00f6rbrukningsmaterial eller tillbeh\u00f6r till rabatterade priser. Kontakta order@ergofast.se\" \/>\n<meta name=\"robots\" content=\"index, follow, max-snippet:-1, max-image-preview:large, max-video-preview:-1\" \/>\n<link rel=\"canonical\" href=\"https:\/\/www.ergofast.se\/produkter\/verktyg\/ergofast-outlet\/\" \/>\n<meta property=\"og:locale\" content=\"sv_SE\" \/>\n<meta property=\"og:type\" content=\"article\" \/>\n<meta property=\"og:title\" content=\"Utf\u00f6rs\u00e4ljning av nya handverktyg och f\u00f6rbrukningsmaterial\" \/>\n<meta property=\"og:description\" content=\"Utf\u00f6rs\u00e4ljning av nya handverktyg, f\u00f6rbrukningsmaterial eller tillbeh\u00f6r till rabatterade priser. Kontakta order@ergofast.se\" \/>\n<meta property=\"og:url\" content=\"https:\/\/www.ergofast.se\/produkter\/verktyg\/ergofast-outlet\/\" \/>\n<meta property=\"og:site_name\" content=\"Ergofast\" \/>\n<meta property=\"article:modified_time\" content=\"2026-03-19T10:16:45+00:00\" \/>\n<meta property=\"og:image\" content=\"https:\/\/www.ergofast.se\/produkter\/wp-content\/uploads\/2024\/01\/pmkikajon_74703_photo_of_happy_crew_contruction_workers_orange__1b0560cc-f51d-4b3e-91ee-ec4744d7b53b_2-1024x576.png\" \/>\n\t<meta property=\"og:image:width\" content=\"1024\" \/>\n\t<meta property=\"og:image:height\" content=\"576\" \/>\n\t<meta property=\"og:image:type\" content=\"image\/png\" \/>\n<meta name=\"twitter:card\" content=\"summary_large_image\" \/>\n<meta name=\"twitter:label1\" content=\"Ber\u00e4knad l\u00e4stid\" \/>\n\t<meta name=\"twitter:data1\" content=\"3 minuter\" \/>\n<script type=\"application\/ld+json\" class=\"yoast-schema-graph\">{\"@context\":\"https:\/\/schema.org\",\"@graph\":[{\"@type\":\"WebPage\",\"@id\":\"https:\/\/www.ergofast.se\/produkter\/verktyg\/ergofast-outlet\/\",\"url\":\"https:\/\/www.ergofast.se\/produkter\/verktyg\/ergofast-outlet\/\",\"name\":\"Utf\u00f6rs\u00e4ljning av nya handverktyg och f\u00f6rbrukningsmaterial\",\"isPartOf\":{\"@id\":\"https:\/\/www.ergofast.se\/produkter\/#website\"},\"primaryImageOfPage\":{\"@id\":\"https:\/\/www.ergofast.se\/produkter\/verktyg\/ergofast-outlet\/#primaryimage\"},\"image\":{\"@id\":\"https:\/\/www.ergofast.se\/produkter\/verktyg\/ergofast-outlet\/#primaryimage\"},\"thumbnailUrl\":\"https:\/\/www.ergofast.se\/produkter\/wp-content\/uploads\/2024\/01\/pmkikajon_74703_photo_of_happy_crew_contruction_workers_orange__1b0560cc-f51d-4b3e-91ee-ec4744d7b53b_2.png\",\"datePublished\":\"2025-01-14T13:18:25+00:00\",\"dateModified\":\"2026-03-19T10:16:45+00:00\",\"description\":\"Utf\u00f6rs\u00e4ljning av nya handverktyg, f\u00f6rbrukningsmaterial eller tillbeh\u00f6r till rabatterade priser. Kontakta order@ergofast.se\",\"breadcrumb\":{\"@id\":\"https:\/\/www.ergofast.se\/produkter\/verktyg\/ergofast-outlet\/#breadcrumb\"},\"inLanguage\":\"sv-SE\",\"potentialAction\":[{\"@type\":\"ReadAction\",\"target\":[\"https:\/\/www.ergofast.se\/produkter\/verktyg\/ergofast-outlet\/\"]}]},{\"@type\":\"ImageObject\",\"inLanguage\":\"sv-SE\",\"@id\":\"https:\/\/www.ergofast.se\/produkter\/verktyg\/ergofast-outlet\/#primaryimage\",\"url\":\"https:\/\/www.ergofast.se\/produkter\/wp-content\/uploads\/2024\/01\/pmkikajon_74703_photo_of_happy_crew_contruction_workers_orange__1b0560cc-f51d-4b3e-91ee-ec4744d7b53b_2.png\",\"contentUrl\":\"https:\/\/www.ergofast.se\/produkter\/wp-content\/uploads\/2024\/01\/pmkikajon_74703_photo_of_happy_crew_contruction_workers_orange__1b0560cc-f51d-4b3e-91ee-ec4744d7b53b_2.png\",\"width\":1920,\"height\":1080},{\"@type\":\"BreadcrumbList\",\"@id\":\"https:\/\/www.ergofast.se\/produkter\/verktyg\/ergofast-outlet\/#breadcrumb\",\"itemListElement\":[{\"@type\":\"ListItem\",\"position\":1,\"name\":\"Hem\",\"item\":\"https:\/\/www.ergofast.se\/produkter\/\"},{\"@type\":\"ListItem\",\"position\":2,\"name\":\"Verktyg\",\"item\":\"https:\/\/www.ergofast.se\/produkter\/verktyg\/\"},{\"@type\":\"ListItem\",\"position\":3,\"name\":\"Ergofast Outlet\"}]},{\"@type\":\"WebSite\",\"@id\":\"https:\/\/www.ergofast.se\/produkter\/#website\",\"url\":\"https:\/\/www.ergofast.se\/produkter\/\",\"name\":\"Ergofast\",\"description\":\"Pro Fastening Solutions\",\"potentialAction\":[{\"@type\":\"SearchAction\",\"target\":{\"@type\":\"EntryPoint\",\"urlTemplate\":\"https:\/\/www.ergofast.se\/produkter\/?s={search_term_string}\"},\"query-input\":{\"@type\":\"PropertyValueSpecification\",\"valueRequired\":true,\"valueName\":\"search_term_string\"}}],\"inLanguage\":\"sv-SE\"}]}<\/script>\n<!-- \/ Yoast SEO plugin. -->","yoast_head_json":{"title":"Utf\u00f6rs\u00e4ljning av nya handverktyg och f\u00f6rbrukningsmaterial","description":"Utf\u00f6rs\u00e4ljning av nya handverktyg, f\u00f6rbrukningsmaterial eller tillbeh\u00f6r till rabatterade priser. Kontakta order@ergofast.se","robots":{"index":"index","follow":"follow","max-snippet":"max-snippet:-1","max-image-preview":"max-image-preview:large","max-video-preview":"max-video-preview:-1"},"canonical":"https:\/\/www.ergofast.se\/produkter\/verktyg\/ergofast-outlet\/","og_locale":"sv_SE","og_type":"article","og_title":"Utf\u00f6rs\u00e4ljning av nya handverktyg och f\u00f6rbrukningsmaterial","og_description":"Utf\u00f6rs\u00e4ljning av nya handverktyg, f\u00f6rbrukningsmaterial eller tillbeh\u00f6r till rabatterade priser. Kontakta order@ergofast.se","og_url":"https:\/\/www.ergofast.se\/produkter\/verktyg\/ergofast-outlet\/","og_site_name":"Ergofast","article_modified_time":"2026-03-19T10:16:45+00:00","og_image":[{"width":1024,"height":576,"url":"https:\/\/www.ergofast.se\/produkter\/wp-content\/uploads\/2024\/01\/pmkikajon_74703_photo_of_happy_crew_contruction_workers_orange__1b0560cc-f51d-4b3e-91ee-ec4744d7b53b_2-1024x576.png","type":"image\/png"}],"twitter_card":"summary_large_image","twitter_misc":{"Ber\u00e4knad l\u00e4stid":"3 minuter"},"schema":{"@context":"https:\/\/schema.org","@graph":[{"@type":"WebPage","@id":"https:\/\/www.ergofast.se\/produkter\/verktyg\/ergofast-outlet\/","url":"https:\/\/www.ergofast.se\/produkter\/verktyg\/ergofast-outlet\/","name":"Utf\u00f6rs\u00e4ljning av nya handverktyg och f\u00f6rbrukningsmaterial","isPartOf":{"@id":"https:\/\/www.ergofast.se\/produkter\/#website"},"primaryImageOfPage":{"@id":"https:\/\/www.ergofast.se\/produkter\/verktyg\/ergofast-outlet\/#primaryimage"},"image":{"@id":"https:\/\/www.ergofast.se\/produkter\/verktyg\/ergofast-outlet\/#primaryimage"},"thumbnailUrl":"https:\/\/www.ergofast.se\/produkter\/wp-content\/uploads\/2024\/01\/pmkikajon_74703_photo_of_happy_crew_contruction_workers_orange__1b0560cc-f51d-4b3e-91ee-ec4744d7b53b_2.png","datePublished":"2025-01-14T13:18:25+00:00","dateModified":"2026-03-19T10:16:45+00:00","description":"Utf\u00f6rs\u00e4ljning av nya handverktyg, f\u00f6rbrukningsmaterial eller tillbeh\u00f6r till rabatterade priser. Kontakta order@ergofast.se","breadcrumb":{"@id":"https:\/\/www.ergofast.se\/produkter\/verktyg\/ergofast-outlet\/#breadcrumb"},"inLanguage":"sv-SE","potentialAction":[{"@type":"ReadAction","target":["https:\/\/www.ergofast.se\/produkter\/verktyg\/ergofast-outlet\/"]}]},{"@type":"ImageObject","inLanguage":"sv-SE","@id":"https:\/\/www.ergofast.se\/produkter\/verktyg\/ergofast-outlet\/#primaryimage","url":"https:\/\/www.ergofast.se\/produkter\/wp-content\/uploads\/2024\/01\/pmkikajon_74703_photo_of_happy_crew_contruction_workers_orange__1b0560cc-f51d-4b3e-91ee-ec4744d7b53b_2.png","contentUrl":"https:\/\/www.ergofast.se\/produkter\/wp-content\/uploads\/2024\/01\/pmkikajon_74703_photo_of_happy_crew_contruction_workers_orange__1b0560cc-f51d-4b3e-91ee-ec4744d7b53b_2.png","width":1920,"height":1080},{"@type":"BreadcrumbList","@id":"https:\/\/www.ergofast.se\/produkter\/verktyg\/ergofast-outlet\/#breadcrumb","itemListElement":[{"@type":"ListItem","position":1,"name":"Hem","item":"https:\/\/www.ergofast.se\/produkter\/"},{"@type":"ListItem","position":2,"name":"Verktyg","item":"https:\/\/www.ergofast.se\/produkter\/verktyg\/"},{"@type":"ListItem","position":3,"name":"Ergofast Outlet"}]},{"@type":"WebSite","@id":"https:\/\/www.ergofast.se\/produkter\/#website","url":"https:\/\/www.ergofast.se\/produkter\/","name":"Ergofast","description":"Pro Fastening Solutions","potentialAction":[{"@type":"SearchAction","target":{"@type":"EntryPoint","urlTemplate":"https:\/\/www.ergofast.se\/produkter\/?s={search_term_string}"},"query-input":{"@type":"PropertyValueSpecification","valueRequired":true,"valueName":"search_term_string"}}],"inLanguage":"sv-SE"}]}},"_links":{"self":[{"href":"https:\/\/www.ergofast.se\/produkter\/wp-json\/wp\/v2\/pages\/7164","targetHints":{"allow":["GET"]}}],"collection":[{"href":"https:\/\/www.ergofast.se\/produkter\/wp-json\/wp\/v2\/pages"}],"about":[{"href":"https:\/\/www.ergofast.se\/produkter\/wp-json\/wp\/v2\/types\/page"}],"author":[{"embeddable":true,"href":"https:\/\/www.ergofast.se\/produkter\/wp-json\/wp\/v2\/users\/1"}],"replies":[{"embeddable":true,"href":"https:\/\/www.ergofast.se\/produkter\/wp-json\/wp\/v2\/comments?post=7164"}],"version-history":[{"count":53,"href":"https:\/\/www.ergofast.se\/produkter\/wp-json\/wp\/v2\/pages\/7164\/revisions"}],"predecessor-version":[{"id":7552,"href":"https:\/\/www.ergofast.se\/produkter\/wp-json\/wp\/v2\/pages\/7164\/revisions\/7552"}],"up":[{"embeddable":true,"href":"https:\/\/www.ergofast.se\/produkter\/wp-json\/wp\/v2\/pages\/1821"}],"wp:featuredmedia":[{"embeddable":true,"href":"https:\/\/www.ergofast.se\/produkter\/wp-json\/wp\/v2\/media\/6514"}],"wp:attachment":[{"href":"https:\/\/www.ergofast.se\/produkter\/wp-json\/wp\/v2\/media?parent=7164"}],"curies":[{"name":"wp","href":"https:\/\/api.w.org\/{rel}","templated":true}]}}