{"id":5478,"date":"2022-07-06T10:32:26","date_gmt":"2022-07-06T08:32:26","guid":{"rendered":"https:\/\/www.ergofast.se\/produkter\/?page_id=5478"},"modified":"2024-11-19T15:58:00","modified_gmt":"2024-11-19T14:58:00","slug":"beslag-for-trabyggnation","status":"publish","type":"page","link":"https:\/\/www.ergofast.se\/produkter\/trabyggnation\/beslag-for-trabyggnation\/","title":{"rendered":"Beslag f\u00f6r tr\u00e4byggnation"},"content":{"rendered":"<div class=\"wpb-content-wrapper\"><p>[vc_row full_width=&#8221;stretch_row_content&#8221;][vc_column width=&#8221;1\/6&#8243;][vc_empty_space][\/vc_column][vc_column width=&#8221;2\/3&#8243;][vc_empty_space][vc_column_text]<\/p>\n<h1>Smarta beslag f\u00f6r tr\u00e4husbyggen<\/h1>\n<p>[\/vc_column_text][vc_column_text css=&#8221;&#8221;]HOLZ TECHNIC:s ingenj\u00f6rer ligger bakom en m\u00e4ngd olika beslag f\u00f6r inf\u00e4stningar i tr\u00e4\/tr\u00e4 och betong\/tr\u00e4. F\u00f6r att garantera en optimal prestanda av ett tr\u00e4hus vid h\u00e5rd vind, jordb\u00e4vning, etc. med h\u00e4nsyn till alla brottm\u00f6jligheter, \u00e4r en korrekt konstruktion av alla anslutningssystem absolut n\u00f6dv\u00e4ndig.<\/p>\n<p>N\u00e4r man konstruerar en byggnad m\u00e5ste dess beteende beaktas b\u00e5de g\u00e4llande vertikala och horisontella p\u00e5verkningar som vind och andra p\u00e5frestningar, till exempel jordskalv. D\u00e4rf\u00f6r \u00e4r smarta beslag f\u00f6r tr\u00e4husbyggen viktiga ur b\u00e5de h\u00e5llfasthets- och produktionsteknisk aspekt. HOLZ TECHNIC:s beslag \u00e4r enkla att anv\u00e4nda, finns i en stor m\u00e4ngd varianter f\u00f6r olika inf\u00e4stningsvarianter.<\/p>\n<p>Ergofast erbjuder ett stort sortiment av beslag f\u00f6r h\u00f6ga drag och skjuvlaster. HOLZ TECHNIC:s f\u00f6rband f\u00f6r v\u00e4ggar och byggnader som erbjuder en idealisk l\u00f6sning f\u00f6r varje typ av belastning och projektkrav.<\/p>\n<p>Alla produkter \u00e4r utprovade och testade f\u00f6r att optimera s\u00e4kerhet och anv\u00e4ndarv\u00e4nlighet.[\/vc_column_text][vc_column_text css=&#8221;&#8221;]<\/p>\n<h3>Ladda ned Ergofast<br \/>\n<a href=\"https:\/\/www.ergofast.se\/produkter\/wp-content\/uploads\/2022\/02\/210x297-Ergofast_Sortilog-Holz_ahlsell_2022_3.pdf\">Holz Technic Sortilog h\u00e4r \u00bb<\/a><\/h3>\n<p>[\/vc_column_text][\/vc_column][vc_column width=&#8221;1\/6&#8243;][vc_empty_space][\/vc_column][\/vc_row]<\/p><\/div>","protected":false},"excerpt":{"rendered":"<p>[vc_row full_width=&#8221;stretch_row_content&#8221;][vc_column width=&#8221;1\/6&#8243;][vc_empty_space][\/vc_column][vc_column width=&#8221;2\/3&#8243;][vc_empty_space][vc_column_text] Smarta beslag f\u00f6r tr\u00e4husbyggen [\/vc_column_text][vc_column_text css=&#8221;&#8221;]HOLZ TECHNIC:s ingenj\u00f6rer ligger bakom en m\u00e4ngd olika beslag f\u00f6r inf\u00e4stningar i tr\u00e4\/tr\u00e4 och betong\/tr\u00e4. F\u00f6r att garantera en optimal prestanda av ett tr\u00e4hus vid h\u00e5rd vind, jordb\u00e4vning, etc. med h\u00e4nsyn till alla brottm\u00f6jligheter, \u00e4r en korrekt konstruktion av alla anslutningssystem absolut n\u00f6dv\u00e4ndig. N\u00e4r man konstruerar <a class=\"read-more\" href=\"https:\/\/www.ergofast.se\/produkter\/trabyggnation\/beslag-for-trabyggnation\/\">&hellip;<\/a><\/p>","protected":false},"author":1,"featured_media":4645,"parent":3657,"menu_order":0,"comment_status":"closed","ping_status":"closed","template":"templates\/product-category-page.php","meta":{"_acf_changed":false,"footnotes":""},"class_list":["post-5478","page","type-page","status-publish","has-post-thumbnail","hentry"],"acf":[],"yoast_head":"<!-- This site is optimized with the Yoast SEO plugin v26.4 - https:\/\/yoast.com\/wordpress\/plugins\/seo\/ -->\n<title>Holz Technics unika l\u00f6sningar f\u00f6r beslag f\u00f6r inf\u00e4stningar i tr\u00e4<\/title>\n<meta name=\"description\" content=\"Ergofast erbjuder en m\u00e4ngd olika beslag f\u00f6r inf\u00e4stningar i tr\u00e4 fr\u00e5n Holz Technic. Belslagen har alla mycket h\u00f6g kvalitet och m\u00f6jligg\u00f6r modernt byggande.\" \/>\n<meta name=\"robots\" content=\"index, follow, max-snippet:-1, max-image-preview:large, max-video-preview:-1\" \/>\n<link rel=\"canonical\" href=\"https:\/\/www.ergofast.se\/produkter\/trabyggnation\/beslag-for-trabyggnation\/\" \/>\n<meta property=\"og:locale\" content=\"sv_SE\" \/>\n<meta property=\"og:type\" content=\"article\" \/>\n<meta property=\"og:title\" content=\"Holz Technics unika l\u00f6sningar f\u00f6r beslag f\u00f6r inf\u00e4stningar i tr\u00e4\" \/>\n<meta property=\"og:description\" content=\"Ergofast erbjuder en m\u00e4ngd olika beslag f\u00f6r inf\u00e4stningar i tr\u00e4 fr\u00e5n Holz Technic. Belslagen har alla mycket h\u00f6g kvalitet och m\u00f6jligg\u00f6r modernt byggande.\" \/>\n<meta property=\"og:url\" content=\"https:\/\/www.ergofast.se\/produkter\/trabyggnation\/beslag-for-trabyggnation\/\" \/>\n<meta property=\"og:site_name\" content=\"Ergofast\" \/>\n<meta property=\"article:modified_time\" content=\"2024-11-19T14:58:00+00:00\" \/>\n<meta property=\"og:image\" content=\"https:\/\/www.ergofast.se\/produkter\/wp-content\/uploads\/2021\/04\/1920x1080px_Holz_LOCK_EVO_RA1.jpg\" \/>\n\t<meta property=\"og:image:width\" content=\"1920\" \/>\n\t<meta property=\"og:image:height\" content=\"1080\" \/>\n\t<meta property=\"og:image:type\" content=\"image\/jpeg\" \/>\n<meta name=\"twitter:card\" content=\"summary_large_image\" \/>\n<meta name=\"twitter:label1\" content=\"Ber\u00e4knad l\u00e4stid\" \/>\n\t<meta name=\"twitter:data1\" content=\"1 minut\" \/>\n<script type=\"application\/ld+json\" class=\"yoast-schema-graph\">{\"@context\":\"https:\/\/schema.org\",\"@graph\":[{\"@type\":\"WebPage\",\"@id\":\"https:\/\/www.ergofast.se\/produkter\/trabyggnation\/beslag-for-trabyggnation\/\",\"url\":\"https:\/\/www.ergofast.se\/produkter\/trabyggnation\/beslag-for-trabyggnation\/\",\"name\":\"Holz Technics unika l\u00f6sningar f\u00f6r beslag f\u00f6r inf\u00e4stningar i tr\u00e4\",\"isPartOf\":{\"@id\":\"https:\/\/www.ergofast.se\/produkter\/#website\"},\"primaryImageOfPage\":{\"@id\":\"https:\/\/www.ergofast.se\/produkter\/trabyggnation\/beslag-for-trabyggnation\/#primaryimage\"},\"image\":{\"@id\":\"https:\/\/www.ergofast.se\/produkter\/trabyggnation\/beslag-for-trabyggnation\/#primaryimage\"},\"thumbnailUrl\":\"https:\/\/www.ergofast.se\/produkter\/wp-content\/uploads\/2021\/04\/1920x1080px_Holz_LOCK_EVO_RA1.jpg\",\"datePublished\":\"2022-07-06T08:32:26+00:00\",\"dateModified\":\"2024-11-19T14:58:00+00:00\",\"description\":\"Ergofast erbjuder en m\u00e4ngd olika beslag f\u00f6r inf\u00e4stningar i tr\u00e4 fr\u00e5n Holz Technic. Belslagen har alla mycket h\u00f6g kvalitet och m\u00f6jligg\u00f6r modernt byggande.\",\"breadcrumb\":{\"@id\":\"https:\/\/www.ergofast.se\/produkter\/trabyggnation\/beslag-for-trabyggnation\/#breadcrumb\"},\"inLanguage\":\"sv-SE\",\"potentialAction\":[{\"@type\":\"ReadAction\",\"target\":[\"https:\/\/www.ergofast.se\/produkter\/trabyggnation\/beslag-for-trabyggnation\/\"]}]},{\"@type\":\"ImageObject\",\"inLanguage\":\"sv-SE\",\"@id\":\"https:\/\/www.ergofast.se\/produkter\/trabyggnation\/beslag-for-trabyggnation\/#primaryimage\",\"url\":\"https:\/\/www.ergofast.se\/produkter\/wp-content\/uploads\/2021\/04\/1920x1080px_Holz_LOCK_EVO_RA1.jpg\",\"contentUrl\":\"https:\/\/www.ergofast.se\/produkter\/wp-content\/uploads\/2021\/04\/1920x1080px_Holz_LOCK_EVO_RA1.jpg\",\"width\":1920,\"height\":1080},{\"@type\":\"BreadcrumbList\",\"@id\":\"https:\/\/www.ergofast.se\/produkter\/trabyggnation\/beslag-for-trabyggnation\/#breadcrumb\",\"itemListElement\":[{\"@type\":\"ListItem\",\"position\":1,\"name\":\"Hem\",\"item\":\"https:\/\/www.ergofast.se\/produkter\/\"},{\"@type\":\"ListItem\",\"position\":2,\"name\":\"Tr\u00e4byggnation\",\"item\":\"https:\/\/www.ergofast.se\/produkter\/trabyggnation\/\"},{\"@type\":\"ListItem\",\"position\":3,\"name\":\"Beslag f\u00f6r tr\u00e4byggnation\"}]},{\"@type\":\"WebSite\",\"@id\":\"https:\/\/www.ergofast.se\/produkter\/#website\",\"url\":\"https:\/\/www.ergofast.se\/produkter\/\",\"name\":\"Ergofast\",\"description\":\"Pro Fastening Solutions\",\"potentialAction\":[{\"@type\":\"SearchAction\",\"target\":{\"@type\":\"EntryPoint\",\"urlTemplate\":\"https:\/\/www.ergofast.se\/produkter\/?s={search_term_string}\"},\"query-input\":{\"@type\":\"PropertyValueSpecification\",\"valueRequired\":true,\"valueName\":\"search_term_string\"}}],\"inLanguage\":\"sv-SE\"}]}<\/script>\n<!-- \/ Yoast SEO plugin. -->","yoast_head_json":{"title":"Holz Technics unika l\u00f6sningar f\u00f6r beslag f\u00f6r inf\u00e4stningar i tr\u00e4","description":"Ergofast erbjuder en m\u00e4ngd olika beslag f\u00f6r inf\u00e4stningar i tr\u00e4 fr\u00e5n Holz Technic. Belslagen har alla mycket h\u00f6g kvalitet och m\u00f6jligg\u00f6r modernt byggande.","robots":{"index":"index","follow":"follow","max-snippet":"max-snippet:-1","max-image-preview":"max-image-preview:large","max-video-preview":"max-video-preview:-1"},"canonical":"https:\/\/www.ergofast.se\/produkter\/trabyggnation\/beslag-for-trabyggnation\/","og_locale":"sv_SE","og_type":"article","og_title":"Holz Technics unika l\u00f6sningar f\u00f6r beslag f\u00f6r inf\u00e4stningar i tr\u00e4","og_description":"Ergofast erbjuder en m\u00e4ngd olika beslag f\u00f6r inf\u00e4stningar i tr\u00e4 fr\u00e5n Holz Technic. Belslagen har alla mycket h\u00f6g kvalitet och m\u00f6jligg\u00f6r modernt byggande.","og_url":"https:\/\/www.ergofast.se\/produkter\/trabyggnation\/beslag-for-trabyggnation\/","og_site_name":"Ergofast","article_modified_time":"2024-11-19T14:58:00+00:00","og_image":[{"width":1920,"height":1080,"url":"https:\/\/www.ergofast.se\/produkter\/wp-content\/uploads\/2021\/04\/1920x1080px_Holz_LOCK_EVO_RA1.jpg","type":"image\/jpeg"}],"twitter_card":"summary_large_image","twitter_misc":{"Ber\u00e4knad l\u00e4stid":"1 minut"},"schema":{"@context":"https:\/\/schema.org","@graph":[{"@type":"WebPage","@id":"https:\/\/www.ergofast.se\/produkter\/trabyggnation\/beslag-for-trabyggnation\/","url":"https:\/\/www.ergofast.se\/produkter\/trabyggnation\/beslag-for-trabyggnation\/","name":"Holz Technics unika l\u00f6sningar f\u00f6r beslag f\u00f6r inf\u00e4stningar i tr\u00e4","isPartOf":{"@id":"https:\/\/www.ergofast.se\/produkter\/#website"},"primaryImageOfPage":{"@id":"https:\/\/www.ergofast.se\/produkter\/trabyggnation\/beslag-for-trabyggnation\/#primaryimage"},"image":{"@id":"https:\/\/www.ergofast.se\/produkter\/trabyggnation\/beslag-for-trabyggnation\/#primaryimage"},"thumbnailUrl":"https:\/\/www.ergofast.se\/produkter\/wp-content\/uploads\/2021\/04\/1920x1080px_Holz_LOCK_EVO_RA1.jpg","datePublished":"2022-07-06T08:32:26+00:00","dateModified":"2024-11-19T14:58:00+00:00","description":"Ergofast erbjuder en m\u00e4ngd olika beslag f\u00f6r inf\u00e4stningar i tr\u00e4 fr\u00e5n Holz Technic. Belslagen har alla mycket h\u00f6g kvalitet och m\u00f6jligg\u00f6r modernt byggande.","breadcrumb":{"@id":"https:\/\/www.ergofast.se\/produkter\/trabyggnation\/beslag-for-trabyggnation\/#breadcrumb"},"inLanguage":"sv-SE","potentialAction":[{"@type":"ReadAction","target":["https:\/\/www.ergofast.se\/produkter\/trabyggnation\/beslag-for-trabyggnation\/"]}]},{"@type":"ImageObject","inLanguage":"sv-SE","@id":"https:\/\/www.ergofast.se\/produkter\/trabyggnation\/beslag-for-trabyggnation\/#primaryimage","url":"https:\/\/www.ergofast.se\/produkter\/wp-content\/uploads\/2021\/04\/1920x1080px_Holz_LOCK_EVO_RA1.jpg","contentUrl":"https:\/\/www.ergofast.se\/produkter\/wp-content\/uploads\/2021\/04\/1920x1080px_Holz_LOCK_EVO_RA1.jpg","width":1920,"height":1080},{"@type":"BreadcrumbList","@id":"https:\/\/www.ergofast.se\/produkter\/trabyggnation\/beslag-for-trabyggnation\/#breadcrumb","itemListElement":[{"@type":"ListItem","position":1,"name":"Hem","item":"https:\/\/www.ergofast.se\/produkter\/"},{"@type":"ListItem","position":2,"name":"Tr\u00e4byggnation","item":"https:\/\/www.ergofast.se\/produkter\/trabyggnation\/"},{"@type":"ListItem","position":3,"name":"Beslag f\u00f6r tr\u00e4byggnation"}]},{"@type":"WebSite","@id":"https:\/\/www.ergofast.se\/produkter\/#website","url":"https:\/\/www.ergofast.se\/produkter\/","name":"Ergofast","description":"Pro Fastening Solutions","potentialAction":[{"@type":"SearchAction","target":{"@type":"EntryPoint","urlTemplate":"https:\/\/www.ergofast.se\/produkter\/?s={search_term_string}"},"query-input":{"@type":"PropertyValueSpecification","valueRequired":true,"valueName":"search_term_string"}}],"inLanguage":"sv-SE"}]}},"_links":{"self":[{"href":"https:\/\/www.ergofast.se\/produkter\/wp-json\/wp\/v2\/pages\/5478","targetHints":{"allow":["GET"]}}],"collection":[{"href":"https:\/\/www.ergofast.se\/produkter\/wp-json\/wp\/v2\/pages"}],"about":[{"href":"https:\/\/www.ergofast.se\/produkter\/wp-json\/wp\/v2\/types\/page"}],"author":[{"embeddable":true,"href":"https:\/\/www.ergofast.se\/produkter\/wp-json\/wp\/v2\/users\/1"}],"replies":[{"embeddable":true,"href":"https:\/\/www.ergofast.se\/produkter\/wp-json\/wp\/v2\/comments?post=5478"}],"version-history":[{"count":10,"href":"https:\/\/www.ergofast.se\/produkter\/wp-json\/wp\/v2\/pages\/5478\/revisions"}],"predecessor-version":[{"id":7075,"href":"https:\/\/www.ergofast.se\/produkter\/wp-json\/wp\/v2\/pages\/5478\/revisions\/7075"}],"up":[{"embeddable":true,"href":"https:\/\/www.ergofast.se\/produkter\/wp-json\/wp\/v2\/pages\/3657"}],"wp:featuredmedia":[{"embeddable":true,"href":"https:\/\/www.ergofast.se\/produkter\/wp-json\/wp\/v2\/media\/4645"}],"wp:attachment":[{"href":"https:\/\/www.ergofast.se\/produkter\/wp-json\/wp\/v2\/media?parent=5478"}],"curies":[{"name":"wp","href":"https:\/\/api.w.org\/{rel}","templated":true}]}}