{"id":1829,"date":"2015-05-13T10:33:47","date_gmt":"2015-05-13T08:33:47","guid":{"rendered":"https:\/\/www.ergofast.se\/produkter\/?page_id=1829"},"modified":"2024-12-20T09:00:01","modified_gmt":"2024-12-20T08:00:01","slug":"powerlite-spikpistol-och-kompressor","status":"publish","type":"page","link":"https:\/\/www.ergofast.se\/produkter\/verktyg\/powerlite-spikpistol-och-kompressor\/","title":{"rendered":"MAX Powerlite H\u00f6gtryck"},"content":{"rendered":"<div class=\"wpb-content-wrapper\"><p>[vc_row full_width=&#8221;stretch_row_content&#8221;][vc_column width=&#8221;1\/6&#8243;][vc_empty_space][\/vc_column][vc_column width=&#8221;2\/3&#8243;][vc_empty_space][vc_column_text]<\/p>\n<h1>MAX Powerlite<br \/>\nh\u00f6gtryckssystem\u00a0f\u00f6r l\u00e4tta, smidiga och effektiva spikpistoler<\/h1>\n<p style=\"font-weight: 400;\">K\u00f6p MAX Powerlites spikpistoler och kompressorer n\u00e4r du beh\u00f6ver effektiva, s\u00e4kra och ergonomiska handverktyg p\u00e5 ditt bygge. MAX Powerlite-produkterna h\u00e5ller inte bara h\u00f6gsta kvalitet, de erbjuder ocks\u00e5 en rad f\u00f6rdelar som g\u00f6r ditt byggprojekt smidigare och mer produktivt.<\/p>\n<h3 style=\"font-weight: 400;\">Smidigt, drifts\u00e4kert och ergonomiskt<\/h3>\n<p style=\"font-weight: 400;\">Powerlite spikpistoler och kompressorer \u00e4r k\u00e4nda f\u00f6r sin drifts\u00e4kerhet. Deras smidighet i anv\u00e4ndning g\u00f6r dem n\u00e4rmast oumb\u00e4rliga p\u00e5 byggarbetsplatsen. Med ett arbetstryck p\u00e5 20 bar kan handverktygen g\u00f6ras mer kompakta. Detta inneb\u00e4r att MAX Powerlite spikpistoler ger v\u00e4sentligt mindre rekyl vid anv\u00e4ndning och de v\u00e4ger mindre \u00e4n ordin\u00e4ra spikpistoler som arbetar f\u00f6r 8 bars tryckluft. Tryckluftslangen \u00e4r dessutom knappt gr\u00f6vre \u00e4n en elkabel, vilket ger verktygen en l\u00e4ttare och mer beh\u00e4ndig k\u00e4nsla.<\/p>\n<p style=\"font-weight: 400;\">F\u00f6r dig som arbetar med verktygen blir detta en stor f\u00f6rdel, inte bara f\u00f6r att de \u00e4r l\u00e4ttare att hantera, utan ocks\u00e5 f\u00f6r att du kan arbeta l\u00e4ngre utan att bli tr\u00f6tt i armarna. Den ergonomiska designen minimerar belastningen och fr\u00e4mjar en h\u00e4lsosam arbetsst\u00e4llning.<\/p>\n<h3 style=\"font-weight: 400;\">Anpassade f\u00f6r vardagen p\u00e5 bygget<\/h3>\n<p style=\"font-weight: 400;\">MAX Powerlite spikpistoler och kompressorer \u00e4r mycket drifts\u00e4kra och robusta. De t\u00e5l att anv\u00e4ndas mycket och kontinuerligt utan driftstopp. H\u00f6gtryckssystemet inneb\u00e4r ocks\u00e5 arbetsmilj\u00f6f\u00f6rdelar. Till skillnad fr\u00e5n andra kraftfulla handverktyg som drivs av exempelvis gas slipper du helt kruthantering, emissioner eller ideliga batteribyten. MAX Powerlite kompressor klarar dessutom av att hantera vanligt f\u00f6rekommande str\u00f6mspikar och varierande sp\u00e4nning p\u00e5 byggarbetsplatsen.<\/p>\n<h3 style=\"font-weight: 400;\">Powerlitesystemets bredd<\/h3>\n<p style=\"font-weight: 400;\">MAX Powerlitesystemet omfattar rad olika spikpistoler f\u00f6r olika typer av spikning helt beroende av dina behov. Oavsett om du beh\u00f6ver f\u00e4sta reglar, montera tak eller arbeta med fink\u00e4nsliga tr\u00e4detaljer, finns det ett powerliteverktyg som passar ditt projekt. Vi erbjuder ocks\u00e5 skruvautomater som g\u00f6r arbetet med exempelvis gipsning b\u00e5de snabbt och smidigt. Denna bredd av verktyg ger dig som anv\u00e4ndare en m\u00e4ngd olika m\u00f6jligheter att anpassa ditt arbete.<\/p>\n<h3 style=\"font-weight: 400;\">Kompressorernas Flexibilitet<\/h3>\n<p style=\"font-weight: 400;\">Hj\u00e4rtat i MAX Powerlitesystemet \u00e4r v\u00e5r kompressor. MAX Powerlitekompressorn ger dig valfrihet att arbeta med b\u00e5de h\u00f6g- och l\u00e5gtrycksspikpistoler. Detta beror p\u00e5 att kompressorn har uttag f\u00f6r 8 bar vid sidan av 20 bars tryck. F\u00f6rutom att kompressorn \u00e4r tyst, kan den driva flera verktyg samtidigt. Femtanksversionen h\u00e5ller trycket l\u00e4ngre utan att beh\u00f6va starta, vilket minimerar arbetstiden. Den kompakta kompressorn f\u00e5r dessutom enkelt plats tillsammans med slangar och tillbeh\u00f6r p\u00e5 v\u00e5r egen kompressorvagn, vilket g\u00f6r transport och f\u00f6rvaring enklare.<\/p>\n<h3 style=\"font-weight: 400;\">Service och Support<\/h3>\n<p style=\"font-weight: 400;\">Precis som alla v\u00e5ra MAX-produkter \u00e4r en Powerlite spikpistol och\/eller kompressor h\u00f6gkvalitativa verktyg som \u00e4r byggda f\u00f6r att h\u00e5lla f\u00f6r l\u00e5ngvarigt professionellt bruk. Vi f\u00f6rst\u00e5r vikten av p\u00e5litlighet, och d\u00e4rf\u00f6r erbjuder vi fullst\u00e4ndig MAX-service. Du kan l\u00e4mna in verktygen p\u00e5 v\u00e5ra Pro Fastening Centres eller kontakta v\u00e5r servicepersonal p\u00e5 huvudkontoret. Vi \u00e4r stolta \u00f6ver att st\u00f6dja dig genom hela livsl\u00e4ngden p\u00e5 dina verktyg, och v\u00e5rt engagerade team st\u00e5r redo att hj\u00e4lpa dig med allt fr\u00e5n underh\u00e5ll till reparationer.<\/p>\n<h3 style=\"font-weight: 400;\">Kort sagt<\/h3>\n<p><span style=\"font-weight: 400;\">En investering i MAX Powerlite spikpistol och kompressor \u00e4r inte bara en investering i h\u00f6gkvalitativa verktyg, utan en investering i ditt projektets framg\u00e5ng. Med en kombination av ergonomi, effektivitet och m\u00e5ngsidighet erbjuder de en l\u00f6sning som fr\u00e4mjar produktivitet och arbetsgl\u00e4dje. Oavsett om du \u00e4r en yrkesarbetare som s\u00f6ker det riktigt bra och p\u00e5litliga \u00a0verktyg eller en h\u00e4ndig hemmafixare som vill ha h\u00f6g kvalitet, \u00e4r MAX Powerlite-systemet designat f\u00f6r att uppfylla dina behov.<\/span>[\/vc_column_text][\/vc_column][vc_column width=&#8221;1\/6&#8243;][vc_empty_space][\/vc_column][\/vc_row]<\/p><\/div>","protected":false},"excerpt":{"rendered":"<p>[vc_row full_width=&#8221;stretch_row_content&#8221;][vc_column width=&#8221;1\/6&#8243;][vc_empty_space][\/vc_column][vc_column width=&#8221;2\/3&#8243;][vc_empty_space][vc_column_text] MAX Powerlite h\u00f6gtryckssystem\u00a0f\u00f6r l\u00e4tta, smidiga och effektiva spikpistoler K\u00f6p MAX Powerlites spikpistoler och kompressorer n\u00e4r du beh\u00f6ver effektiva, s\u00e4kra och ergonomiska handverktyg p\u00e5 ditt bygge. MAX Powerlite-produkterna h\u00e5ller inte bara h\u00f6gsta kvalitet, de erbjuder ocks\u00e5 en rad f\u00f6rdelar som g\u00f6r ditt byggprojekt smidigare och mer produktivt. Smidigt, drifts\u00e4kert och ergonomiskt Powerlite <a class=\"read-more\" href=\"https:\/\/www.ergofast.se\/produkter\/verktyg\/powerlite-spikpistol-och-kompressor\/\">&hellip;<\/a><\/p>","protected":false},"author":1,"featured_media":6714,"parent":1821,"menu_order":0,"comment_status":"closed","ping_status":"closed","template":"templates\/product-category-page.php","meta":{"_acf_changed":false,"footnotes":""},"class_list":["post-1829","page","type-page","status-publish","has-post-thumbnail","hentry"],"acf":[],"yoast_head":"<!-- This site is optimized with the Yoast SEO plugin v26.4 - https:\/\/yoast.com\/wordpress\/plugins\/seo\/ -->\n<title>K\u00f6p Powerlite spikpistol och kompressor | MAX powerlite tryckluft f\u00f6r proffs<\/title>\n<meta name=\"description\" content=\"MAX Powerlite Spikpistol \u00e4r en ergonomisk, effektiv och s\u00e4ker spikpistol. Trycket p\u00e5 20 bar g\u00f6r att dessa spikpistoler \u00e4r l\u00e4ttare och ger en mindre rekyl.\" \/>\n<meta name=\"robots\" content=\"index, follow, max-snippet:-1, max-image-preview:large, max-video-preview:-1\" \/>\n<link rel=\"canonical\" href=\"https:\/\/www.ergofast.se\/produkter\/verktyg\/powerlite-spikpistol-och-kompressor\/\" \/>\n<meta property=\"og:locale\" content=\"sv_SE\" \/>\n<meta property=\"og:type\" content=\"article\" \/>\n<meta property=\"og:title\" content=\"K\u00f6p Powerlite spikpistol och kompressor | MAX powerlite tryckluft f\u00f6r proffs\" \/>\n<meta property=\"og:description\" content=\"MAX Powerlite Spikpistol \u00e4r en ergonomisk, effektiv och s\u00e4ker spikpistol. Trycket p\u00e5 20 bar g\u00f6r att dessa spikpistoler \u00e4r l\u00e4ttare och ger en mindre rekyl.\" \/>\n<meta property=\"og:url\" content=\"https:\/\/www.ergofast.se\/produkter\/verktyg\/powerlite-spikpistol-och-kompressor\/\" \/>\n<meta property=\"og:site_name\" content=\"Ergofast\" \/>\n<meta property=\"article:modified_time\" content=\"2024-12-20T08:00:01+00:00\" \/>\n<meta property=\"og:image\" content=\"https:\/\/www.ergofast.se\/produkter\/wp-content\/uploads\/2024\/04\/hn120.jpg\" \/>\n\t<meta property=\"og:image:width\" content=\"1200\" \/>\n\t<meta property=\"og:image:height\" content=\"440\" \/>\n\t<meta property=\"og:image:type\" content=\"image\/jpeg\" \/>\n<meta name=\"twitter:card\" content=\"summary_large_image\" \/>\n<meta name=\"twitter:label1\" content=\"Ber\u00e4knad l\u00e4stid\" \/>\n\t<meta name=\"twitter:data1\" content=\"3 minuter\" \/>\n<script type=\"application\/ld+json\" class=\"yoast-schema-graph\">{\"@context\":\"https:\/\/schema.org\",\"@graph\":[{\"@type\":\"WebPage\",\"@id\":\"https:\/\/www.ergofast.se\/produkter\/verktyg\/powerlite-spikpistol-och-kompressor\/\",\"url\":\"https:\/\/www.ergofast.se\/produkter\/verktyg\/powerlite-spikpistol-och-kompressor\/\",\"name\":\"K\u00f6p Powerlite spikpistol och kompressor | MAX powerlite tryckluft f\u00f6r proffs\",\"isPartOf\":{\"@id\":\"https:\/\/www.ergofast.se\/produkter\/#website\"},\"primaryImageOfPage\":{\"@id\":\"https:\/\/www.ergofast.se\/produkter\/verktyg\/powerlite-spikpistol-och-kompressor\/#primaryimage\"},\"image\":{\"@id\":\"https:\/\/www.ergofast.se\/produkter\/verktyg\/powerlite-spikpistol-och-kompressor\/#primaryimage\"},\"thumbnailUrl\":\"https:\/\/www.ergofast.se\/produkter\/wp-content\/uploads\/2024\/04\/hn120.jpg\",\"datePublished\":\"2015-05-13T08:33:47+00:00\",\"dateModified\":\"2024-12-20T08:00:01+00:00\",\"description\":\"MAX Powerlite Spikpistol \u00e4r en ergonomisk, effektiv och s\u00e4ker spikpistol. Trycket p\u00e5 20 bar g\u00f6r att dessa spikpistoler \u00e4r l\u00e4ttare och ger en mindre rekyl.\",\"breadcrumb\":{\"@id\":\"https:\/\/www.ergofast.se\/produkter\/verktyg\/powerlite-spikpistol-och-kompressor\/#breadcrumb\"},\"inLanguage\":\"sv-SE\",\"potentialAction\":[{\"@type\":\"ReadAction\",\"target\":[\"https:\/\/www.ergofast.se\/produkter\/verktyg\/powerlite-spikpistol-och-kompressor\/\"]}]},{\"@type\":\"ImageObject\",\"inLanguage\":\"sv-SE\",\"@id\":\"https:\/\/www.ergofast.se\/produkter\/verktyg\/powerlite-spikpistol-och-kompressor\/#primaryimage\",\"url\":\"https:\/\/www.ergofast.se\/produkter\/wp-content\/uploads\/2024\/04\/hn120.jpg\",\"contentUrl\":\"https:\/\/www.ergofast.se\/produkter\/wp-content\/uploads\/2024\/04\/hn120.jpg\",\"width\":1200,\"height\":440},{\"@type\":\"BreadcrumbList\",\"@id\":\"https:\/\/www.ergofast.se\/produkter\/verktyg\/powerlite-spikpistol-och-kompressor\/#breadcrumb\",\"itemListElement\":[{\"@type\":\"ListItem\",\"position\":1,\"name\":\"Hem\",\"item\":\"https:\/\/www.ergofast.se\/produkter\/\"},{\"@type\":\"ListItem\",\"position\":2,\"name\":\"Verktyg\",\"item\":\"https:\/\/www.ergofast.se\/produkter\/verktyg\/\"},{\"@type\":\"ListItem\",\"position\":3,\"name\":\"MAX Powerlite H\u00f6gtryck\"}]},{\"@type\":\"WebSite\",\"@id\":\"https:\/\/www.ergofast.se\/produkter\/#website\",\"url\":\"https:\/\/www.ergofast.se\/produkter\/\",\"name\":\"Ergofast\",\"description\":\"Pro Fastening Solutions\",\"potentialAction\":[{\"@type\":\"SearchAction\",\"target\":{\"@type\":\"EntryPoint\",\"urlTemplate\":\"https:\/\/www.ergofast.se\/produkter\/?s={search_term_string}\"},\"query-input\":{\"@type\":\"PropertyValueSpecification\",\"valueRequired\":true,\"valueName\":\"search_term_string\"}}],\"inLanguage\":\"sv-SE\"}]}<\/script>\n<!-- \/ Yoast SEO plugin. -->","yoast_head_json":{"title":"K\u00f6p Powerlite spikpistol och kompressor | MAX powerlite tryckluft f\u00f6r proffs","description":"MAX Powerlite Spikpistol \u00e4r en ergonomisk, effektiv och s\u00e4ker spikpistol. Trycket p\u00e5 20 bar g\u00f6r att dessa spikpistoler \u00e4r l\u00e4ttare och ger en mindre rekyl.","robots":{"index":"index","follow":"follow","max-snippet":"max-snippet:-1","max-image-preview":"max-image-preview:large","max-video-preview":"max-video-preview:-1"},"canonical":"https:\/\/www.ergofast.se\/produkter\/verktyg\/powerlite-spikpistol-och-kompressor\/","og_locale":"sv_SE","og_type":"article","og_title":"K\u00f6p Powerlite spikpistol och kompressor | MAX powerlite tryckluft f\u00f6r proffs","og_description":"MAX Powerlite Spikpistol \u00e4r en ergonomisk, effektiv och s\u00e4ker spikpistol. Trycket p\u00e5 20 bar g\u00f6r att dessa spikpistoler \u00e4r l\u00e4ttare och ger en mindre rekyl.","og_url":"https:\/\/www.ergofast.se\/produkter\/verktyg\/powerlite-spikpistol-och-kompressor\/","og_site_name":"Ergofast","article_modified_time":"2024-12-20T08:00:01+00:00","og_image":[{"width":1200,"height":440,"url":"https:\/\/www.ergofast.se\/produkter\/wp-content\/uploads\/2024\/04\/hn120.jpg","type":"image\/jpeg"}],"twitter_card":"summary_large_image","twitter_misc":{"Ber\u00e4knad l\u00e4stid":"3 minuter"},"schema":{"@context":"https:\/\/schema.org","@graph":[{"@type":"WebPage","@id":"https:\/\/www.ergofast.se\/produkter\/verktyg\/powerlite-spikpistol-och-kompressor\/","url":"https:\/\/www.ergofast.se\/produkter\/verktyg\/powerlite-spikpistol-och-kompressor\/","name":"K\u00f6p Powerlite spikpistol och kompressor | MAX powerlite tryckluft f\u00f6r proffs","isPartOf":{"@id":"https:\/\/www.ergofast.se\/produkter\/#website"},"primaryImageOfPage":{"@id":"https:\/\/www.ergofast.se\/produkter\/verktyg\/powerlite-spikpistol-och-kompressor\/#primaryimage"},"image":{"@id":"https:\/\/www.ergofast.se\/produkter\/verktyg\/powerlite-spikpistol-och-kompressor\/#primaryimage"},"thumbnailUrl":"https:\/\/www.ergofast.se\/produkter\/wp-content\/uploads\/2024\/04\/hn120.jpg","datePublished":"2015-05-13T08:33:47+00:00","dateModified":"2024-12-20T08:00:01+00:00","description":"MAX Powerlite Spikpistol \u00e4r en ergonomisk, effektiv och s\u00e4ker spikpistol. Trycket p\u00e5 20 bar g\u00f6r att dessa spikpistoler \u00e4r l\u00e4ttare och ger en mindre rekyl.","breadcrumb":{"@id":"https:\/\/www.ergofast.se\/produkter\/verktyg\/powerlite-spikpistol-och-kompressor\/#breadcrumb"},"inLanguage":"sv-SE","potentialAction":[{"@type":"ReadAction","target":["https:\/\/www.ergofast.se\/produkter\/verktyg\/powerlite-spikpistol-och-kompressor\/"]}]},{"@type":"ImageObject","inLanguage":"sv-SE","@id":"https:\/\/www.ergofast.se\/produkter\/verktyg\/powerlite-spikpistol-och-kompressor\/#primaryimage","url":"https:\/\/www.ergofast.se\/produkter\/wp-content\/uploads\/2024\/04\/hn120.jpg","contentUrl":"https:\/\/www.ergofast.se\/produkter\/wp-content\/uploads\/2024\/04\/hn120.jpg","width":1200,"height":440},{"@type":"BreadcrumbList","@id":"https:\/\/www.ergofast.se\/produkter\/verktyg\/powerlite-spikpistol-och-kompressor\/#breadcrumb","itemListElement":[{"@type":"ListItem","position":1,"name":"Hem","item":"https:\/\/www.ergofast.se\/produkter\/"},{"@type":"ListItem","position":2,"name":"Verktyg","item":"https:\/\/www.ergofast.se\/produkter\/verktyg\/"},{"@type":"ListItem","position":3,"name":"MAX Powerlite H\u00f6gtryck"}]},{"@type":"WebSite","@id":"https:\/\/www.ergofast.se\/produkter\/#website","url":"https:\/\/www.ergofast.se\/produkter\/","name":"Ergofast","description":"Pro Fastening Solutions","potentialAction":[{"@type":"SearchAction","target":{"@type":"EntryPoint","urlTemplate":"https:\/\/www.ergofast.se\/produkter\/?s={search_term_string}"},"query-input":{"@type":"PropertyValueSpecification","valueRequired":true,"valueName":"search_term_string"}}],"inLanguage":"sv-SE"}]}},"_links":{"self":[{"href":"https:\/\/www.ergofast.se\/produkter\/wp-json\/wp\/v2\/pages\/1829","targetHints":{"allow":["GET"]}}],"collection":[{"href":"https:\/\/www.ergofast.se\/produkter\/wp-json\/wp\/v2\/pages"}],"about":[{"href":"https:\/\/www.ergofast.se\/produkter\/wp-json\/wp\/v2\/types\/page"}],"author":[{"embeddable":true,"href":"https:\/\/www.ergofast.se\/produkter\/wp-json\/wp\/v2\/users\/1"}],"replies":[{"embeddable":true,"href":"https:\/\/www.ergofast.se\/produkter\/wp-json\/wp\/v2\/comments?post=1829"}],"version-history":[{"count":45,"href":"https:\/\/www.ergofast.se\/produkter\/wp-json\/wp\/v2\/pages\/1829\/revisions"}],"predecessor-version":[{"id":7150,"href":"https:\/\/www.ergofast.se\/produkter\/wp-json\/wp\/v2\/pages\/1829\/revisions\/7150"}],"up":[{"embeddable":true,"href":"https:\/\/www.ergofast.se\/produkter\/wp-json\/wp\/v2\/pages\/1821"}],"wp:featuredmedia":[{"embeddable":true,"href":"https:\/\/www.ergofast.se\/produkter\/wp-json\/wp\/v2\/media\/6714"}],"wp:attachment":[{"href":"https:\/\/www.ergofast.se\/produkter\/wp-json\/wp\/v2\/media?parent=1829"}],"curies":[{"name":"wp","href":"https:\/\/api.w.org\/{rel}","templated":true}]}}